{"id":15685,"date":"2023-08-10T12:41:44","date_gmt":"2023-08-10T10:41:44","guid":{"rendered":"https:\/\/emploi.soda-demo.com\/comment-sont-gerees-les-donnees-personnelles-de-ma-candidature\/"},"modified":"2023-08-10T12:41:44","modified_gmt":"2023-08-10T10:41:44","slug":"comment-sont-gerees-les-donnees-personnelles-de-ma-candidature","status":"publish","type":"page","link":"https:\/\/emploi.armatis.com\/tn\/comment-sont-gerees-les-donnees-personnelles-de-ma-candidature\/","title":{"rendered":"Comment sont g\u00e9r\u00e9es les donn\u00e9es personnelles de ma candidature ?"},"content":{"rendered":"<p>&nbsp;<\/p>\n<p class=\"x_MsoNormal\">Les informations recueillies sur ce formulaire sont enregistr\u00e9es dans un fichier informatis\u00e9 par le Groupe armatis-lc. Elles sont n\u00e9cessaires \u00e0 l\u2019enregistrement et au traitement administratif des candidatures spontan\u00e9es et des candidatures aux emplois propos\u00e9s par notre Groupe. Elles seront conserv\u00e9es pendant 2 ans et sont destin\u00e9es aux personnels du groupe en charge du recrutement et \u00e0 la Direction des Ressources Humaines. Nous vous informons, que vos informations personnelles, sont susceptibles d\u2019\u00eatre transmises \u00e0 nos partenaires qui nous accompagnent dans le processus de recrutement.<\/p>\n<p class=\"x_MsoNormal\">Notre soci\u00e9t\u00e9 s\u2019engage \u00e0 assurer la protection, la confidentialit\u00e9 et la s\u00e9curit\u00e9 des donn\u00e9es \u00e0 caract\u00e8re personnel, et ce dans le respect de la l\u00e9gislation et de la r\u00e9glementation fran\u00e7aise et europ\u00e9enne en vigueur ainsi que des recommandations \u00e9mises par l\u2019autorit\u00e9 de contr\u00f4le. Vous pouvez consulter nos engagements sur notre site internet.<\/p>\n<p class=\"x_MsoNormal\">Conform\u00e9ment \u00e0 la l\u00e9gislation, vous pouvez exercer votre droit d\u2019acc\u00e8s aux donn\u00e9es vous concernant, pour les rectifier, les effacer, limiter leur traitement, s\u2019opposer \u00e0 leur traitement, les faire porter gratuitement ou retirer votre consentement \u00e0 tout moment en contactant le d\u00e9l\u00e9gu\u00e9 \u00e0 la protection des donn\u00e9es via l\u2019adresse <a href=\"mailto:dpo.service@armatis-lc.com\">dpo.service@armatis-lc.com<\/a> ou alors nous adresser un courrier \u00e0 l\u2019adresse suivante :<\/p>\n<p class=\"x_MsoNormal\" align=\"center\">Armatis-lc<\/p>\n<p class=\"x_MsoNormal\" align=\"center\">D\u00e9partement DPO,<br \/>\n58, avenue Edouard Vaillant, Immeuble UPWEST<br \/>\n92100 Boulogne-Billancourt<\/p>\n<p class=\"x_MsoNormal\">Vous avez aussi la possibilit\u00e9 de d\u00e9poser toutes r\u00e9clamations que vous jugerez n\u00e9cessaires concernant ce formulaire de collecte \u00e0 l\u2019autorit\u00e9 de contr\u00f4le comp\u00e9tente : la CNIL dont vous trouverez le site <a href=\"https:\/\/www.cnil.fr\/\">ici<\/a>.<\/p>\n<p>&nbsp;<\/p>\n","protected":false},"excerpt":{"rendered":"<p>&nbsp; Les informations recueillies sur ce formulaire sont enregistr\u00e9es dans un fichier informatis\u00e9 par le Groupe armatis-lc. Elles sont n\u00e9cessaires \u00e0 l\u2019enregistrement et au traitement administratif des candidatures spontan\u00e9es et des candidatures aux emplois propos\u00e9s par notre Groupe. Elles seront conserv\u00e9es pendant 2 ans et sont destin\u00e9es aux personnels du groupe en charge du recrutement [&hellip;]<\/p>\n","protected":false},"author":13,"featured_media":0,"parent":0,"menu_order":0,"comment_status":"closed","ping_status":"closed","template":"","meta":{"_acf_changed":false,"footnotes":""},"class_list":["post-15685","page","type-page","status-publish","hentry"],"acf":[],"yoast_head":"<!-- This site is optimized with the Yoast SEO plugin v26.1.1 - https:\/\/yoast.com\/wordpress\/plugins\/seo\/ -->\n<title>Comment sont g\u00e9r\u00e9es les donn\u00e9es personnelles de ma candidature ? - Armatis<\/title>\n<meta name=\"robots\" content=\"index, follow, max-snippet:-1, max-image-preview:large, max-video-preview:-1\" \/>\n<link rel=\"canonical\" href=\"https:\/\/emploi.armatis.com\/tn\/comment-sont-gerees-les-donnees-personnelles-de-ma-candidature\/\" \/>\n<meta property=\"og:locale\" content=\"en_US\" \/>\n<meta property=\"og:type\" content=\"article\" \/>\n<meta property=\"og:title\" content=\"Comment sont g\u00e9r\u00e9es les donn\u00e9es personnelles de ma candidature ? - Armatis\" \/>\n<meta property=\"og:description\" content=\"&nbsp; Les informations recueillies sur ce formulaire sont enregistr\u00e9es dans un fichier informatis\u00e9 par le Groupe armatis-lc. Elles sont n\u00e9cessaires \u00e0 l\u2019enregistrement et au traitement administratif des candidatures spontan\u00e9es et des candidatures aux emplois propos\u00e9s par notre Groupe. Elles seront conserv\u00e9es pendant 2 ans et sont destin\u00e9es aux personnels du groupe en charge du recrutement [&hellip;]\" \/>\n<meta property=\"og:url\" content=\"https:\/\/emploi.armatis.com\/tn\/comment-sont-gerees-les-donnees-personnelles-de-ma-candidature\/\" \/>\n<meta property=\"og:site_name\" content=\"Armatis\" \/>\n<meta name=\"twitter:card\" content=\"summary_large_image\" \/>\n<meta name=\"twitter:label1\" content=\"Est. reading time\" \/>\n\t<meta name=\"twitter:data1\" content=\"1 minute\" \/>\n<script type=\"application\/ld+json\" class=\"yoast-schema-graph\">{\"@context\":\"https:\/\/schema.org\",\"@graph\":[{\"@type\":\"WebPage\",\"@id\":\"https:\/\/emploi.armatis.com\/tn\/comment-sont-gerees-les-donnees-personnelles-de-ma-candidature\/\",\"url\":\"https:\/\/emploi.armatis.com\/tn\/comment-sont-gerees-les-donnees-personnelles-de-ma-candidature\/\",\"name\":\"Comment sont g\u00e9r\u00e9es les donn\u00e9es personnelles de ma candidature ? - Armatis\",\"isPartOf\":{\"@id\":\"https:\/\/emploi.armatis.com\/tn\/#website\"},\"datePublished\":\"2023-08-10T10:41:44+00:00\",\"breadcrumb\":{\"@id\":\"https:\/\/emploi.armatis.com\/tn\/comment-sont-gerees-les-donnees-personnelles-de-ma-candidature\/#breadcrumb\"},\"inLanguage\":\"tn-TN\",\"potentialAction\":[{\"@type\":\"ReadAction\",\"target\":[\"https:\/\/emploi.armatis.com\/tn\/comment-sont-gerees-les-donnees-personnelles-de-ma-candidature\/\"]}]},{\"@type\":\"BreadcrumbList\",\"@id\":\"https:\/\/emploi.armatis.com\/tn\/comment-sont-gerees-les-donnees-personnelles-de-ma-candidature\/#breadcrumb\",\"itemListElement\":[{\"@type\":\"ListItem\",\"position\":1,\"name\":\"Home\",\"item\":\"https:\/\/emploi.armatis.com\/tn\/\"},{\"@type\":\"ListItem\",\"position\":2,\"name\":\"Comment sont g\u00e9r\u00e9es les donn\u00e9es personnelles de ma candidature ?\"}]},{\"@type\":\"WebSite\",\"@id\":\"https:\/\/emploi.armatis.com\/tn\/#website\",\"url\":\"https:\/\/emploi.armatis.com\/tn\/\",\"name\":\"Armatis\",\"description\":\"\",\"publisher\":{\"@id\":\"https:\/\/emploi.armatis.com\/tn\/#organization\"},\"potentialAction\":[{\"@type\":\"SearchAction\",\"target\":{\"@type\":\"EntryPoint\",\"urlTemplate\":\"https:\/\/emploi.armatis.com\/tn\/?s={search_term_string}\"},\"query-input\":{\"@type\":\"PropertyValueSpecification\",\"valueRequired\":true,\"valueName\":\"search_term_string\"}}],\"inLanguage\":\"tn-TN\"},{\"@type\":\"Organization\",\"@id\":\"https:\/\/emploi.armatis.com\/tn\/#organization\",\"name\":\"Armatis\",\"url\":\"https:\/\/emploi.armatis.com\/tn\/\",\"logo\":{\"@type\":\"ImageObject\",\"inLanguage\":\"tn-TN\",\"@id\":\"https:\/\/emploi.armatis.com\/tn\/#\/schema\/logo\/image\/\",\"url\":\"https:\/\/emploi.armatis.com\/wp-content\/uploads\/2025\/07\/cropped-Logo-Armatis-ss-Baseline-Blanc-point-aqua-Copie-scaled-1.png\",\"contentUrl\":\"https:\/\/emploi.armatis.com\/wp-content\/uploads\/2025\/07\/cropped-Logo-Armatis-ss-Baseline-Blanc-point-aqua-Copie-scaled-1.png\",\"width\":2560,\"height\":393,\"caption\":\"Armatis\"},\"image\":{\"@id\":\"https:\/\/emploi.armatis.com\/tn\/#\/schema\/logo\/image\/\"}}]}<\/script>\n<!-- \/ Yoast SEO plugin. -->","yoast_head_json":{"title":"Comment sont g\u00e9r\u00e9es les donn\u00e9es personnelles de ma candidature ? - Armatis","robots":{"index":"index","follow":"follow","max-snippet":"max-snippet:-1","max-image-preview":"max-image-preview:large","max-video-preview":"max-video-preview:-1"},"canonical":"https:\/\/emploi.armatis.com\/tn\/comment-sont-gerees-les-donnees-personnelles-de-ma-candidature\/","og_locale":"en_US","og_type":"article","og_title":"Comment sont g\u00e9r\u00e9es les donn\u00e9es personnelles de ma candidature ? - Armatis","og_description":"&nbsp; Les informations recueillies sur ce formulaire sont enregistr\u00e9es dans un fichier informatis\u00e9 par le Groupe armatis-lc. Elles sont n\u00e9cessaires \u00e0 l\u2019enregistrement et au traitement administratif des candidatures spontan\u00e9es et des candidatures aux emplois propos\u00e9s par notre Groupe. Elles seront conserv\u00e9es pendant 2 ans et sont destin\u00e9es aux personnels du groupe en charge du recrutement [&hellip;]","og_url":"https:\/\/emploi.armatis.com\/tn\/comment-sont-gerees-les-donnees-personnelles-de-ma-candidature\/","og_site_name":"Armatis","twitter_card":"summary_large_image","twitter_misc":{"Est. reading time":"1 minute"},"schema":{"@context":"https:\/\/schema.org","@graph":[{"@type":"WebPage","@id":"https:\/\/emploi.armatis.com\/tn\/comment-sont-gerees-les-donnees-personnelles-de-ma-candidature\/","url":"https:\/\/emploi.armatis.com\/tn\/comment-sont-gerees-les-donnees-personnelles-de-ma-candidature\/","name":"Comment sont g\u00e9r\u00e9es les donn\u00e9es personnelles de ma candidature ? - Armatis","isPartOf":{"@id":"https:\/\/emploi.armatis.com\/tn\/#website"},"datePublished":"2023-08-10T10:41:44+00:00","breadcrumb":{"@id":"https:\/\/emploi.armatis.com\/tn\/comment-sont-gerees-les-donnees-personnelles-de-ma-candidature\/#breadcrumb"},"inLanguage":"tn-TN","potentialAction":[{"@type":"ReadAction","target":["https:\/\/emploi.armatis.com\/tn\/comment-sont-gerees-les-donnees-personnelles-de-ma-candidature\/"]}]},{"@type":"BreadcrumbList","@id":"https:\/\/emploi.armatis.com\/tn\/comment-sont-gerees-les-donnees-personnelles-de-ma-candidature\/#breadcrumb","itemListElement":[{"@type":"ListItem","position":1,"name":"Home","item":"https:\/\/emploi.armatis.com\/tn\/"},{"@type":"ListItem","position":2,"name":"Comment sont g\u00e9r\u00e9es les donn\u00e9es personnelles de ma candidature ?"}]},{"@type":"WebSite","@id":"https:\/\/emploi.armatis.com\/tn\/#website","url":"https:\/\/emploi.armatis.com\/tn\/","name":"Armatis","description":"","publisher":{"@id":"https:\/\/emploi.armatis.com\/tn\/#organization"},"potentialAction":[{"@type":"SearchAction","target":{"@type":"EntryPoint","urlTemplate":"https:\/\/emploi.armatis.com\/tn\/?s={search_term_string}"},"query-input":{"@type":"PropertyValueSpecification","valueRequired":true,"valueName":"search_term_string"}}],"inLanguage":"tn-TN"},{"@type":"Organization","@id":"https:\/\/emploi.armatis.com\/tn\/#organization","name":"Armatis","url":"https:\/\/emploi.armatis.com\/tn\/","logo":{"@type":"ImageObject","inLanguage":"tn-TN","@id":"https:\/\/emploi.armatis.com\/tn\/#\/schema\/logo\/image\/","url":"https:\/\/emploi.armatis.com\/wp-content\/uploads\/2025\/07\/cropped-Logo-Armatis-ss-Baseline-Blanc-point-aqua-Copie-scaled-1.png","contentUrl":"https:\/\/emploi.armatis.com\/wp-content\/uploads\/2025\/07\/cropped-Logo-Armatis-ss-Baseline-Blanc-point-aqua-Copie-scaled-1.png","width":2560,"height":393,"caption":"Armatis"},"image":{"@id":"https:\/\/emploi.armatis.com\/tn\/#\/schema\/logo\/image\/"}}]}},"_links":{"self":[{"href":"https:\/\/emploi.armatis.com\/tn\/wp-json\/wp\/v2\/pages\/15685","targetHints":{"allow":["GET"]}}],"collection":[{"href":"https:\/\/emploi.armatis.com\/tn\/wp-json\/wp\/v2\/pages"}],"about":[{"href":"https:\/\/emploi.armatis.com\/tn\/wp-json\/wp\/v2\/types\/page"}],"author":[{"embeddable":true,"href":"https:\/\/emploi.armatis.com\/tn\/wp-json\/wp\/v2\/users\/13"}],"replies":[{"embeddable":true,"href":"https:\/\/emploi.armatis.com\/tn\/wp-json\/wp\/v2\/comments?post=15685"}],"version-history":[{"count":0,"href":"https:\/\/emploi.armatis.com\/tn\/wp-json\/wp\/v2\/pages\/15685\/revisions"}],"wp:attachment":[{"href":"https:\/\/emploi.armatis.com\/tn\/wp-json\/wp\/v2\/media?parent=15685"}],"curies":[{"name":"wp","href":"https:\/\/api.w.org\/{rel}","templated":true}]}}

Comment sont gérées les données personnelles de ma candidature ?

<p>&nbsp;</p>
<p class="x_MsoNormal">Les informations recueillies sur ce formulaire sont enregistrées dans un fichier informatisé par le Groupe armatis-lc. Elles sont nécessaires à l’enregistrement et au traitement administratif des candidatures spontanées et des candidatures aux emplois proposés par notre Groupe. Elles seront conservées pendant 2 ans et sont destinées aux personnels du groupe en charge du recrutement et à la Direction des Ressources Humaines. Nous vous informons, que vos informations personnelles, sont susceptibles d’être transmises à nos partenaires qui nous accompagnent dans le processus de recrutement.</p>
<p class="x_MsoNormal">Notre société s’engage à assurer la protection, la confidentialité et la sécurité des données à caractère personnel, et ce dans le respect de la législation et de la réglementation française et européenne en vigueur ainsi que des recommandations émises par l’autorité de contrôle. Vous pouvez consulter nos engagements sur notre site internet.</p>
<p class="x_MsoNormal">Conformément à la législation, vous pouvez exercer votre droit d’accès aux données vous concernant, pour les rectifier, les effacer, limiter leur traitement, s’opposer à leur traitement, les faire porter gratuitement ou retirer votre consentement à tout moment en contactant le délégué à la protection des données via l’adresse <a href="mailto:dpo.service@armatis-lc.com">dpo.service@armatis-lc.com</a> ou alors nous adresser un courrier à l’adresse suivante :</p>
<p class="x_MsoNormal" align="center">Armatis-lc</p>
<p class="x_MsoNormal" align="center">Département DPO,<br />
58, avenue Edouard Vaillant, Immeuble UPWEST<br />
92100 Boulogne-Billancourt</p>
<p class="x_MsoNormal">Vous avez aussi la possibilité de déposer toutes réclamations que vous jugerez nécessaires concernant ce formulaire de collecte à l’autorité de contrôle compétente : la CNIL dont vous trouverez le site <a href="https://www.cnil.fr/">ici</a>.</p>
<p>&nbsp;</p>

<p>&nbsp; Les informations recueillies sur ce formulaire sont enregistrées dans un fichier informatisé par le Groupe armatis-lc. Elles sont nécessaires à l’enregistrement et au traitement administratif des candidatures spontanées et des candidatures aux emplois proposés par notre Groupe. Elles seront conservées pendant 2 ans et sont destinées aux personnels du groupe en charge du recrutement [&hellip;]</p>

<!-- This site is optimized with the Yoast SEO plugin v26.1.1 - https://yoast.com/wordpress/plugins/seo/ -->
<title>Comment sont gérées les données personnelles de ma candidature ? - Armatis</title>
<meta name="robots" content="index, follow, max-snippet:-1, max-image-preview:large, max-video-preview:-1" />
<link rel="canonical" href="https://emploi.armatis.com/tn/comment-sont-gerees-les-donnees-personnelles-de-ma-candidature/" />
<meta property="og:locale" content="en_US" />
<meta property="og:type" content="article" />
<meta property="og:title" content="Comment sont gérées les données personnelles de ma candidature ? - Armatis" />
<meta property="og:description" content="&nbsp; Les informations recueillies sur ce formulaire sont enregistrées dans un fichier informatisé par le Groupe armatis-lc. Elles sont nécessaires à l’enregistrement et au traitement administratif des candidatures spontanées et des candidatures aux emplois proposés par notre Groupe. Elles seront conservées pendant 2 ans et sont destinées aux personnels du groupe en charge du recrutement [&hellip;]" />
<meta property="og:url" content="https://emploi.armatis.com/tn/comment-sont-gerees-les-donnees-personnelles-de-ma-candidature/" />
<meta property="og:site_name" content="Armatis" />
<meta name="twitter:card" content="summary_large_image" />
<meta name="twitter:label1" content="Est. reading time" />
	<meta name="twitter:data1" content="1 minute" />
<script type="application/ld+json" class="yoast-schema-graph">{"@context":"https://schema.org","@graph":[{"@type":"WebPage","@id":"https://emploi.armatis.com/tn/comment-sont-gerees-les-donnees-personnelles-de-ma-candidature/","url":"https://emploi.armatis.com/tn/comment-sont-gerees-les-donnees-personnelles-de-ma-candidature/","name":"Comment sont gérées les données personnelles de ma candidature ? - Armatis","isPartOf":{"@id":"https://emploi.armatis.com/tn/#website"},"datePublished":"2023-08-10T10:41:44+00:00","breadcrumb":{"@id":"https://emploi.armatis.com/tn/comment-sont-gerees-les-donnees-personnelles-de-ma-candidature/#breadcrumb"},"inLanguage":"tn-TN","potentialAction":[{"@type":"ReadAction","target":["https://emploi.armatis.com/tn/comment-sont-gerees-les-donnees-personnelles-de-ma-candidature/"]}]},{"@type":"BreadcrumbList","@id":"https://emploi.armatis.com/tn/comment-sont-gerees-les-donnees-personnelles-de-ma-candidature/#breadcrumb","itemListElement":[{"@type":"ListItem","position":1,"name":"Home","item":"https://emploi.armatis.com/tn/"},{"@type":"ListItem","position":2,"name":"Comment sont gérées les données personnelles de ma candidature ?"}]},{"@type":"WebSite","@id":"https://emploi.armatis.com/tn/#website","url":"https://emploi.armatis.com/tn/","name":"Armatis","description":"","publisher":{"@id":"https://emploi.armatis.com/tn/#organization"},"potentialAction":[{"@type":"SearchAction","target":{"@type":"EntryPoint","urlTemplate":"https://emploi.armatis.com/tn/?s={search_term_string}"},"query-input":{"@type":"PropertyValueSpecification","valueRequired":true,"valueName":"search_term_string"}}],"inLanguage":"tn-TN"},{"@type":"Organization","@id":"https://emploi.armatis.com/tn/#organization","name":"Armatis","url":"https://emploi.armatis.com/tn/","logo":{"@type":"ImageObject","inLanguage":"tn-TN","@id":"https://emploi.armatis.com/tn/#/schema/logo/image/","url":"https://emploi.armatis.com/wp-content/uploads/2025/07/cropped-Logo-Armatis-ss-Baseline-Blanc-point-aqua-Copie-scaled-1.png","contentUrl":"https://emploi.armatis.com/wp-content/uploads/2025/07/cropped-Logo-Armatis-ss-Baseline-Blanc-point-aqua-Copie-scaled-1.png","width":2560,"height":393,"caption":"Armatis"},"image":{"@id":"https://emploi.armatis.com/tn/#/schema/logo/image/"}}]}</script>
<!-- / Yoast SEO plugin. -->

Comment sont gérées les données personnelles de ma candidature ? - Armatis

&nbsp; Les informations recueillies sur ce formulaire sont enregistrées dans un fichier informatisé par le Groupe armatis-lc. Elles sont nécessaires à l’enregistrement et au traitement administratif des candidatures spontanées et des candidatures aux emplois proposés par notre Groupe. Elles seront conservées pendant 2 ans et sont destinées aux personnels du groupe en charge du recrutement [&hellip;]
