{"id":1058,"date":"2020-10-20T17:12:47","date_gmt":"2020-10-20T15:12:47","guid":{"rendered":"https:\/\/emploi.armatis.com\/?page_id=1058"},"modified":"2024-04-11T15:23:16","modified_gmt":"2024-04-11T13:23:16","slug":"como-sao-geridos-os-dados-pessoais-da-minha-candidatura","status":"publish","type":"page","link":"https:\/\/emploi.armatis.com\/pt-pt\/como-sao-geridos-os-dados-pessoais-da-minha-candidatura\/","title":{"rendered":"Como s\u00e3o geridos os dados pessoais da minha candidatura ?"},"content":{"rendered":"<p>&nbsp;<br \/>\n&nbsp;<br \/>\n&nbsp;<br \/>\n&nbsp;<br \/>\n&nbsp;<br \/>\n&nbsp;<br \/>\n&nbsp;<br \/>\n&nbsp;<br \/>\n&nbsp;<\/p>\n<p class=\"x_MsoNormal\">As informa\u00e7\u00f5es recolhidas neste formul\u00e1rio s\u00e3o registadas num ficheiro informatizado pelo Grupo Armatis-lc. Elas s\u00e3o necess\u00e1rias para o registo e tratamento administrativo das candidaturas espont\u00e2neas e das candidaturas \u00e0s ofertas de emprego oferecidas pelo nosso Grupo. Elas s\u00e3o conservadas durante 2 anos e s\u00e3o destinadas aos funcion\u00e1rios do grupo respons\u00e1veis pelo recrutamento e \u00e0 Dire\u00e7\u00e3o de Recursos Humanos. Informamos que as suas informa\u00e7\u00f5es pessoais podem ser transmitidas a parceiros que nos acompanham no processo de recrutamento.<\/p>\n<p class=\"x_MsoNormal\">A nossa empresa compromete-se a garantir a prote\u00e7\u00e3o, a confidencialidade e a seguran\u00e7a dos dados pessoais, de acordo com a legisla\u00e7\u00e3o e a regulamenta\u00e7\u00e3o francesa e europeia em vigor, e com as recomenda\u00e7\u00f5es emitidas pela autoridade de controlo. Pode consultar os nossos compromissos no nosso site.<\/p>\n<p class=\"x_MsoNormal\">Em cumprimento da regulamenta\u00e7\u00e3o em vigor, e em aplica\u00e7\u00e3o do Regulamento Europeu, voc\u00ea pode exercer gratuitamente o seu direito de acesso, retifica\u00e7\u00e3o, supress\u00e3o e portabilidade dos seus dados pessoais. Voc\u00ea tamb\u00e9m pode solicitar que limitem o tratamento dos seus dados pessoais ou opor-se ao tratamento, contactando o DPO do nosso Grupo por e-mail\u00a0<a href=\"mailto:dpo.service@armatis-lc.com\">dpo.service@armatis-lc.com<\/a>, ou escrevendo para a seguinte morada:<\/p>\n<p class=\"x_MsoNormal\" align=\"center\">Armatis-lc<\/p>\n<p class=\"x_MsoNormal\" align=\"center\">D\u00e9partement DPO,<br \/>\n58, avenue Edouard Vaillant, Immeuble UPWEST<br \/>\n92100 Boulogne-Billancourt<\/p>\n<p class=\"x_MsoNormal\">De acordo com a regulamenta\u00e7\u00e3o, estes pedidos devem ser acompanhados de uma fotoc\u00f3pia do documento de identidade assinado pelo Titular dos Dados e da morada para o envio de resposta.<\/p>\n<p class=\"x_MsoNormal\">Voc\u00ea tamb\u00e9m pode apresentar uma reclama\u00e7\u00e3o a uma autoridade de controlo, para obter mais informa\u00e7\u00f5es sobre o exerc\u00edcio dos seus direitos:\u00a0<a title=\"https:\/\/www.cnpd.pt\/\" href=\"https:\/\/www.cnpd.pt\/\" target=\"_blank\" rel=\"noopener noreferrer\">https:\/\/www.cnpd.pt<\/a><\/p>\n<p>&nbsp;<\/p>\n","protected":false},"excerpt":{"rendered":"<p>&nbsp; &nbsp; &nbsp; &nbsp; &nbsp; &nbsp; &nbsp; &nbsp; &nbsp; As informa\u00e7\u00f5es recolhidas neste formul\u00e1rio s\u00e3o registadas num ficheiro informatizado pelo Grupo Armatis-lc. Elas s\u00e3o necess\u00e1rias para o registo e tratamento administrativo das candidaturas espont\u00e2neas e das candidaturas \u00e0s ofertas de emprego oferecidas pelo nosso Grupo. Elas s\u00e3o conservadas durante 2 anos e s\u00e3o destinadas aos [&hellip;]<\/p>\n","protected":false},"author":13,"featured_media":0,"parent":0,"menu_order":0,"comment_status":"closed","ping_status":"closed","template":"","meta":{"_acf_changed":false,"footnotes":""},"class_list":["post-1058","page","type-page","status-publish","hentry"],"acf":[],"yoast_head":"<!-- This site is optimized with the Yoast SEO plugin v26.1.1 - https:\/\/yoast.com\/wordpress\/plugins\/seo\/ -->\n<title>Como s\u00e3o geridos os dados pessoais da minha candidatura ? - Armatis<\/title>\n<meta name=\"robots\" content=\"index, follow, max-snippet:-1, max-image-preview:large, max-video-preview:-1\" \/>\n<link rel=\"canonical\" href=\"https:\/\/emploi.armatis.com\/pt-pt\/como-sao-geridos-os-dados-pessoais-da-minha-candidatura\/\" \/>\n<meta property=\"og:locale\" content=\"pt_PT\" \/>\n<meta property=\"og:type\" content=\"article\" \/>\n<meta property=\"og:title\" content=\"Como s\u00e3o geridos os dados pessoais da minha candidatura ? - Armatis\" \/>\n<meta property=\"og:description\" content=\"&nbsp; &nbsp; &nbsp; &nbsp; &nbsp; &nbsp; &nbsp; &nbsp; &nbsp; As informa\u00e7\u00f5es recolhidas neste formul\u00e1rio s\u00e3o registadas num ficheiro informatizado pelo Grupo Armatis-lc. Elas s\u00e3o necess\u00e1rias para o registo e tratamento administrativo das candidaturas espont\u00e2neas e das candidaturas \u00e0s ofertas de emprego oferecidas pelo nosso Grupo. Elas s\u00e3o conservadas durante 2 anos e s\u00e3o destinadas aos [&hellip;]\" \/>\n<meta property=\"og:url\" content=\"https:\/\/emploi.armatis.com\/pt-pt\/como-sao-geridos-os-dados-pessoais-da-minha-candidatura\/\" \/>\n<meta property=\"og:site_name\" content=\"Armatis\" \/>\n<meta property=\"article:modified_time\" content=\"2024-04-11T13:23:16+00:00\" \/>\n<meta name=\"twitter:card\" content=\"summary_large_image\" \/>\n<meta name=\"twitter:label1\" content=\"Tempo estimado de leitura\" \/>\n\t<meta name=\"twitter:data1\" content=\"2 minutos\" \/>\n<script type=\"application\/ld+json\" class=\"yoast-schema-graph\">{\"@context\":\"https:\/\/schema.org\",\"@graph\":[{\"@type\":\"WebPage\",\"@id\":\"https:\/\/emploi.armatis.com\/pt-pt\/como-sao-geridos-os-dados-pessoais-da-minha-candidatura\/\",\"url\":\"https:\/\/emploi.armatis.com\/pt-pt\/como-sao-geridos-os-dados-pessoais-da-minha-candidatura\/\",\"name\":\"Como s\u00e3o geridos os dados pessoais da minha candidatura ? - Armatis\",\"isPartOf\":{\"@id\":\"https:\/\/emploi.armatis.com\/pt-pt\/#website\"},\"datePublished\":\"2020-10-20T15:12:47+00:00\",\"dateModified\":\"2024-04-11T13:23:16+00:00\",\"breadcrumb\":{\"@id\":\"https:\/\/emploi.armatis.com\/pt-pt\/como-sao-geridos-os-dados-pessoais-da-minha-candidatura\/#breadcrumb\"},\"inLanguage\":\"pt-PT\",\"potentialAction\":[{\"@type\":\"ReadAction\",\"target\":[\"https:\/\/emploi.armatis.com\/pt-pt\/como-sao-geridos-os-dados-pessoais-da-minha-candidatura\/\"]}]},{\"@type\":\"BreadcrumbList\",\"@id\":\"https:\/\/emploi.armatis.com\/pt-pt\/como-sao-geridos-os-dados-pessoais-da-minha-candidatura\/#breadcrumb\",\"itemListElement\":[{\"@type\":\"ListItem\",\"position\":1,\"name\":\"Home\",\"item\":\"https:\/\/emploi.armatis.com\/pt-pt\/\"},{\"@type\":\"ListItem\",\"position\":2,\"name\":\"Como s\u00e3o geridos os dados pessoais da minha candidatura ?\"}]},{\"@type\":\"WebSite\",\"@id\":\"https:\/\/emploi.armatis.com\/pt-pt\/#website\",\"url\":\"https:\/\/emploi.armatis.com\/pt-pt\/\",\"name\":\"Armatis\",\"description\":\"\",\"publisher\":{\"@id\":\"https:\/\/emploi.armatis.com\/pt-pt\/#organization\"},\"potentialAction\":[{\"@type\":\"SearchAction\",\"target\":{\"@type\":\"EntryPoint\",\"urlTemplate\":\"https:\/\/emploi.armatis.com\/pt-pt\/?s={search_term_string}\"},\"query-input\":{\"@type\":\"PropertyValueSpecification\",\"valueRequired\":true,\"valueName\":\"search_term_string\"}}],\"inLanguage\":\"pt-PT\"},{\"@type\":\"Organization\",\"@id\":\"https:\/\/emploi.armatis.com\/pt-pt\/#organization\",\"name\":\"Armatis\",\"url\":\"https:\/\/emploi.armatis.com\/pt-pt\/\",\"logo\":{\"@type\":\"ImageObject\",\"inLanguage\":\"pt-PT\",\"@id\":\"https:\/\/emploi.armatis.com\/pt-pt\/#\/schema\/logo\/image\/\",\"url\":\"https:\/\/emploi.armatis.com\/wp-content\/uploads\/2025\/07\/cropped-Logo-Armatis-ss-Baseline-Blanc-point-aqua-Copie-scaled-1.png\",\"contentUrl\":\"https:\/\/emploi.armatis.com\/wp-content\/uploads\/2025\/07\/cropped-Logo-Armatis-ss-Baseline-Blanc-point-aqua-Copie-scaled-1.png\",\"width\":2560,\"height\":393,\"caption\":\"Armatis\"},\"image\":{\"@id\":\"https:\/\/emploi.armatis.com\/pt-pt\/#\/schema\/logo\/image\/\"}}]}<\/script>\n<!-- \/ Yoast SEO plugin. -->","yoast_head_json":{"title":"Como s\u00e3o geridos os dados pessoais da minha candidatura ? - Armatis","robots":{"index":"index","follow":"follow","max-snippet":"max-snippet:-1","max-image-preview":"max-image-preview:large","max-video-preview":"max-video-preview:-1"},"canonical":"https:\/\/emploi.armatis.com\/pt-pt\/como-sao-geridos-os-dados-pessoais-da-minha-candidatura\/","og_locale":"pt_PT","og_type":"article","og_title":"Como s\u00e3o geridos os dados pessoais da minha candidatura ? - Armatis","og_description":"&nbsp; &nbsp; &nbsp; &nbsp; &nbsp; &nbsp; &nbsp; &nbsp; &nbsp; As informa\u00e7\u00f5es recolhidas neste formul\u00e1rio s\u00e3o registadas num ficheiro informatizado pelo Grupo Armatis-lc. Elas s\u00e3o necess\u00e1rias para o registo e tratamento administrativo das candidaturas espont\u00e2neas e das candidaturas \u00e0s ofertas de emprego oferecidas pelo nosso Grupo. Elas s\u00e3o conservadas durante 2 anos e s\u00e3o destinadas aos [&hellip;]","og_url":"https:\/\/emploi.armatis.com\/pt-pt\/como-sao-geridos-os-dados-pessoais-da-minha-candidatura\/","og_site_name":"Armatis","article_modified_time":"2024-04-11T13:23:16+00:00","twitter_card":"summary_large_image","twitter_misc":{"Tempo estimado de leitura":"2 minutos"},"schema":{"@context":"https:\/\/schema.org","@graph":[{"@type":"WebPage","@id":"https:\/\/emploi.armatis.com\/pt-pt\/como-sao-geridos-os-dados-pessoais-da-minha-candidatura\/","url":"https:\/\/emploi.armatis.com\/pt-pt\/como-sao-geridos-os-dados-pessoais-da-minha-candidatura\/","name":"Como s\u00e3o geridos os dados pessoais da minha candidatura ? - Armatis","isPartOf":{"@id":"https:\/\/emploi.armatis.com\/pt-pt\/#website"},"datePublished":"2020-10-20T15:12:47+00:00","dateModified":"2024-04-11T13:23:16+00:00","breadcrumb":{"@id":"https:\/\/emploi.armatis.com\/pt-pt\/como-sao-geridos-os-dados-pessoais-da-minha-candidatura\/#breadcrumb"},"inLanguage":"pt-PT","potentialAction":[{"@type":"ReadAction","target":["https:\/\/emploi.armatis.com\/pt-pt\/como-sao-geridos-os-dados-pessoais-da-minha-candidatura\/"]}]},{"@type":"BreadcrumbList","@id":"https:\/\/emploi.armatis.com\/pt-pt\/como-sao-geridos-os-dados-pessoais-da-minha-candidatura\/#breadcrumb","itemListElement":[{"@type":"ListItem","position":1,"name":"Home","item":"https:\/\/emploi.armatis.com\/pt-pt\/"},{"@type":"ListItem","position":2,"name":"Como s\u00e3o geridos os dados pessoais da minha candidatura ?"}]},{"@type":"WebSite","@id":"https:\/\/emploi.armatis.com\/pt-pt\/#website","url":"https:\/\/emploi.armatis.com\/pt-pt\/","name":"Armatis","description":"","publisher":{"@id":"https:\/\/emploi.armatis.com\/pt-pt\/#organization"},"potentialAction":[{"@type":"SearchAction","target":{"@type":"EntryPoint","urlTemplate":"https:\/\/emploi.armatis.com\/pt-pt\/?s={search_term_string}"},"query-input":{"@type":"PropertyValueSpecification","valueRequired":true,"valueName":"search_term_string"}}],"inLanguage":"pt-PT"},{"@type":"Organization","@id":"https:\/\/emploi.armatis.com\/pt-pt\/#organization","name":"Armatis","url":"https:\/\/emploi.armatis.com\/pt-pt\/","logo":{"@type":"ImageObject","inLanguage":"pt-PT","@id":"https:\/\/emploi.armatis.com\/pt-pt\/#\/schema\/logo\/image\/","url":"https:\/\/emploi.armatis.com\/wp-content\/uploads\/2025\/07\/cropped-Logo-Armatis-ss-Baseline-Blanc-point-aqua-Copie-scaled-1.png","contentUrl":"https:\/\/emploi.armatis.com\/wp-content\/uploads\/2025\/07\/cropped-Logo-Armatis-ss-Baseline-Blanc-point-aqua-Copie-scaled-1.png","width":2560,"height":393,"caption":"Armatis"},"image":{"@id":"https:\/\/emploi.armatis.com\/pt-pt\/#\/schema\/logo\/image\/"}}]}},"_links":{"self":[{"href":"https:\/\/emploi.armatis.com\/pt-pt\/wp-json\/wp\/v2\/pages\/1058","targetHints":{"allow":["GET"]}}],"collection":[{"href":"https:\/\/emploi.armatis.com\/pt-pt\/wp-json\/wp\/v2\/pages"}],"about":[{"href":"https:\/\/emploi.armatis.com\/pt-pt\/wp-json\/wp\/v2\/types\/page"}],"author":[{"embeddable":true,"href":"https:\/\/emploi.armatis.com\/pt-pt\/wp-json\/wp\/v2\/users\/13"}],"replies":[{"embeddable":true,"href":"https:\/\/emploi.armatis.com\/pt-pt\/wp-json\/wp\/v2\/comments?post=1058"}],"version-history":[{"count":3,"href":"https:\/\/emploi.armatis.com\/pt-pt\/wp-json\/wp\/v2\/pages\/1058\/revisions"}],"predecessor-version":[{"id":16710,"href":"https:\/\/emploi.armatis.com\/pt-pt\/wp-json\/wp\/v2\/pages\/1058\/revisions\/16710"}],"wp:attachment":[{"href":"https:\/\/emploi.armatis.com\/pt-pt\/wp-json\/wp\/v2\/media?parent=1058"}],"curies":[{"name":"wp","href":"https:\/\/api.w.org\/{rel}","templated":true}]}}

Como são geridos os dados pessoais da minha candidatura ?

<p>&nbsp;<br />
&nbsp;<br />
&nbsp;<br />
&nbsp;<br />
&nbsp;<br />
&nbsp;<br />
&nbsp;<br />
&nbsp;<br />
&nbsp;</p>
<p class="x_MsoNormal">As informações recolhidas neste formulário são registadas num ficheiro informatizado pelo Grupo Armatis-lc. Elas são necessárias para o registo e tratamento administrativo das candidaturas espontâneas e das candidaturas às ofertas de emprego oferecidas pelo nosso Grupo. Elas são conservadas durante 2 anos e são destinadas aos funcionários do grupo responsáveis pelo recrutamento e à Direção de Recursos Humanos. Informamos que as suas informações pessoais podem ser transmitidas a parceiros que nos acompanham no processo de recrutamento.</p>
<p class="x_MsoNormal">A nossa empresa compromete-se a garantir a proteção, a confidencialidade e a segurança dos dados pessoais, de acordo com a legislação e a regulamentação francesa e europeia em vigor, e com as recomendações emitidas pela autoridade de controlo. Pode consultar os nossos compromissos no nosso site.</p>
<p class="x_MsoNormal">Em cumprimento da regulamentação em vigor, e em aplicação do Regulamento Europeu, você pode exercer gratuitamente o seu direito de acesso, retificação, supressão e portabilidade dos seus dados pessoais. Você também pode solicitar que limitem o tratamento dos seus dados pessoais ou opor-se ao tratamento, contactando o DPO do nosso Grupo por e-mail <a href="mailto:dpo.service@armatis-lc.com">dpo.service@armatis-lc.com</a>, ou escrevendo para a seguinte morada:</p>
<p class="x_MsoNormal" align="center">Armatis-lc</p>
<p class="x_MsoNormal" align="center">Département DPO,<br />
58, avenue Edouard Vaillant, Immeuble UPWEST<br />
92100 Boulogne-Billancourt</p>
<p class="x_MsoNormal">De acordo com a regulamentação, estes pedidos devem ser acompanhados de uma fotocópia do documento de identidade assinado pelo Titular dos Dados e da morada para o envio de resposta.</p>
<p class="x_MsoNormal">Você também pode apresentar uma reclamação a uma autoridade de controlo, para obter mais informações sobre o exercício dos seus direitos: <a title="https://www.cnpd.pt/" href="https://www.cnpd.pt/" target="_blank" rel="noopener noreferrer">https://www.cnpd.pt</a></p>
<p>&nbsp;</p>

<p>&nbsp; &nbsp; &nbsp; &nbsp; &nbsp; &nbsp; &nbsp; &nbsp; &nbsp; As informações recolhidas neste formulário são registadas num ficheiro informatizado pelo Grupo Armatis-lc. Elas são necessárias para o registo e tratamento administrativo das candidaturas espontâneas e das candidaturas às ofertas de emprego oferecidas pelo nosso Grupo. Elas são conservadas durante 2 anos e são destinadas aos [&hellip;]</p>

<!-- This site is optimized with the Yoast SEO plugin v26.1.1 - https://yoast.com/wordpress/plugins/seo/ -->
<title>Como são geridos os dados pessoais da minha candidatura ? - Armatis</title>
<meta name="robots" content="index, follow, max-snippet:-1, max-image-preview:large, max-video-preview:-1" />
<link rel="canonical" href="https://emploi.armatis.com/pt-pt/como-sao-geridos-os-dados-pessoais-da-minha-candidatura/" />
<meta property="og:locale" content="pt_PT" />
<meta property="og:type" content="article" />
<meta property="og:title" content="Como são geridos os dados pessoais da minha candidatura ? - Armatis" />
<meta property="og:description" content="&nbsp; &nbsp; &nbsp; &nbsp; &nbsp; &nbsp; &nbsp; &nbsp; &nbsp; As informações recolhidas neste formulário são registadas num ficheiro informatizado pelo Grupo Armatis-lc. Elas são necessárias para o registo e tratamento administrativo das candidaturas espontâneas e das candidaturas às ofertas de emprego oferecidas pelo nosso Grupo. Elas são conservadas durante 2 anos e são destinadas aos [&hellip;]" />
<meta property="og:url" content="https://emploi.armatis.com/pt-pt/como-sao-geridos-os-dados-pessoais-da-minha-candidatura/" />
<meta property="og:site_name" content="Armatis" />
<meta property="article:modified_time" content="2024-04-11T13:23:16+00:00" />
<meta name="twitter:card" content="summary_large_image" />
<meta name="twitter:label1" content="Tempo estimado de leitura" />
	<meta name="twitter:data1" content="2 minutos" />
<script type="application/ld+json" class="yoast-schema-graph">{"@context":"https://schema.org","@graph":[{"@type":"WebPage","@id":"https://emploi.armatis.com/pt-pt/como-sao-geridos-os-dados-pessoais-da-minha-candidatura/","url":"https://emploi.armatis.com/pt-pt/como-sao-geridos-os-dados-pessoais-da-minha-candidatura/","name":"Como são geridos os dados pessoais da minha candidatura ? - Armatis","isPartOf":{"@id":"https://emploi.armatis.com/pt-pt/#website"},"datePublished":"2020-10-20T15:12:47+00:00","dateModified":"2024-04-11T13:23:16+00:00","breadcrumb":{"@id":"https://emploi.armatis.com/pt-pt/como-sao-geridos-os-dados-pessoais-da-minha-candidatura/#breadcrumb"},"inLanguage":"pt-PT","potentialAction":[{"@type":"ReadAction","target":["https://emploi.armatis.com/pt-pt/como-sao-geridos-os-dados-pessoais-da-minha-candidatura/"]}]},{"@type":"BreadcrumbList","@id":"https://emploi.armatis.com/pt-pt/como-sao-geridos-os-dados-pessoais-da-minha-candidatura/#breadcrumb","itemListElement":[{"@type":"ListItem","position":1,"name":"Home","item":"https://emploi.armatis.com/pt-pt/"},{"@type":"ListItem","position":2,"name":"Como são geridos os dados pessoais da minha candidatura ?"}]},{"@type":"WebSite","@id":"https://emploi.armatis.com/pt-pt/#website","url":"https://emploi.armatis.com/pt-pt/","name":"Armatis","description":"","publisher":{"@id":"https://emploi.armatis.com/pt-pt/#organization"},"potentialAction":[{"@type":"SearchAction","target":{"@type":"EntryPoint","urlTemplate":"https://emploi.armatis.com/pt-pt/?s={search_term_string}"},"query-input":{"@type":"PropertyValueSpecification","valueRequired":true,"valueName":"search_term_string"}}],"inLanguage":"pt-PT"},{"@type":"Organization","@id":"https://emploi.armatis.com/pt-pt/#organization","name":"Armatis","url":"https://emploi.armatis.com/pt-pt/","logo":{"@type":"ImageObject","inLanguage":"pt-PT","@id":"https://emploi.armatis.com/pt-pt/#/schema/logo/image/","url":"https://emploi.armatis.com/wp-content/uploads/2025/07/cropped-Logo-Armatis-ss-Baseline-Blanc-point-aqua-Copie-scaled-1.png","contentUrl":"https://emploi.armatis.com/wp-content/uploads/2025/07/cropped-Logo-Armatis-ss-Baseline-Blanc-point-aqua-Copie-scaled-1.png","width":2560,"height":393,"caption":"Armatis"},"image":{"@id":"https://emploi.armatis.com/pt-pt/#/schema/logo/image/"}}]}</script>
<!-- / Yoast SEO plugin. -->

Como são geridos os dados pessoais da minha candidatura ? - Armatis

&nbsp; &nbsp; &nbsp; &nbsp; &nbsp; &nbsp; &nbsp; &nbsp; &nbsp; As informações recolhidas neste formulário são registadas num ficheiro informatizado pelo Grupo Armatis-lc. Elas são necessárias para o registo e tratamento administrativo das candidaturas espontâneas e das candidaturas às ofertas de emprego oferecidas pelo nosso Grupo. Elas são conservadas durante 2 anos e são destinadas aos [&hellip;]
