{"id":23898,"date":"2026-03-16T12:33:44","date_gmt":"2026-03-16T11:33:44","guid":{"rendered":"https:\/\/emploi.armatis.com\/offre\/charge-e-rh-f-h\/"},"modified":"2026-04-25T06:21:48","modified_gmt":"2026-04-25T04:21:48","slug":"charge-e-rh-f-h-2026-5366","status":"publish","type":"offre","link":"https:\/\/emploi.armatis.com\/en\/offre\/charge-e-rh-f-h-2026-5366\/","title":{"rendered":"Charg\u00e9.e RH  (F\/H)"},"content":{"rendered":"<p>Armatis Nevers, expert de la relation client, recherche un(e) Charg\u00e9(e) des Ressources Humaines pour rejoindre son \u00e9quipe.<\/p>\n<p>\/\/&#8211; Ce que tu feras au quotidien &#8211;\\<\/p>\n<p>Au sein de l&#8217;\u00e9quipe RH, tu interviens sur un poste g\u00e9n\u00e9raliste avec des missions vari\u00e9es :<\/p>\n<p>Tu g\u00e8res l&#8217;administration du personnel : entr\u00e9es et sorties, contrats de travail, dossiers salari\u00e9s et mise \u00e0 jour des outils RH<\/p>\n<p>Tu participes \u00e0 l&#8217;int\u00e9gration des nouveaux collaborateurs et contribues \u00e0 leur bonne prise de poste<\/p>\n<p>Tu es un point de contact pour les managers et les collaborateurs sur les sujets RH du quotidien<\/p>\n<p>Tu suis les indicateurs RH (absent\u00e9isme, fins de contrat, \u00e9volution des collaborateurs)<\/p>\n<p>Tu contribues \u00e0 la mise en \u0153uvre du plan de formation en lien avec la Direction Formation<\/p>\n<p>Tu accompagnes le Responsable RH dans ses missions<\/p>\n<p>Tu participes \u00e0 la pr\u00e9paration des r\u00e9unions avec les Instances Repr\u00e9sentatives du Personnel<\/p>\n<p>Tu aides \u00e0 l&#8217;organisation et au suivi de l&#8217;agenda RH (r\u00e9unions, sollicitations, courriers)<br \/>\n<br \/>\n\/\/&#8211; Le profil que l&#8217;on recherche &#8211;\\<\/p>\n<p>Tu as une premi\u00e8re exp\u00e9rience en ressources humaines<br \/>\nTu es organis\u00e9(e), rigoureux(se) et tu sais g\u00e9rer plusieurs sujets en parall\u00e8le<br \/>\nTu es \u00e0 l&#8217;aise \u00e0 l&#8217;oral comme \u00e0 l&#8217;\u00e9crit et tu appr\u00e9cies le travail en \u00e9quipe<br \/>\nTu sais faire preuve de discr\u00e9tion et de professionnalisme<\/p>\n<p>\/\/&#8211;Pourquoi nous rejoindre ?&#8211;\\<\/p>\n<p>Un poste polyvalent avec une vraie diversit\u00e9 de missions<br \/>\nUne \u00e9quipe accessible et impliqu\u00e9e<br \/>\nUn environnement o\u00f9 tu peux monter en comp\u00e9tences rapidement<br \/>\nUn poste en CDI, avec prise de poste rapide<br \/>\nR\u00e9mun\u00e9ration 23\/30ke <\/p>\n","protected":false},"featured_media":0,"template":"","categorie_offres":[],"class_list":["post-23898","offre","type-offre","status-publish","hentry"],"acf":{"api_reference":"2026-5366","metiers":{"ID":14521,"post_author":"0","post_date":"2023-01-27 09:35:00","post_date_gmt":"0000-00-00 00:00:00","post_content":"","post_title":"CHARGE-E RESS HUMAINES","post_excerpt":"","post_status":"draft","comment_status":"closed","ping_status":"closed","post_password":"","post_name":"","to_ping":"","pinged":"","post_modified":"2023-01-27 09:35:00","post_modified_gmt":"0000-00-00 00:00:00","post_content_filtered":"","post_parent":0,"guid":"https:\/\/emploi.soda-demo.com\/?post_type=metier&p=14521","menu_order":0,"post_type":"metier","post_mime_type":"","comment_count":"0","filter":"raw"},"contrat":"Contrat \u00e0 dur\u00e9e ind\u00e9termin\u00e9e","localisation":"Nevers","api_location":"Nevers","api_localisation":{"latitude":"","longitude":""}},"yoast_head":"<!-- This site is optimized with the Yoast SEO plugin v27.5 - https:\/\/yoast.com\/product\/yoast-seo-wordpress\/ -->\n<title>Charg\u00e9.e RH (F\/H) - Armatis<\/title>\n<meta name=\"robots\" content=\"index, follow, max-snippet:-1, max-image-preview:large, max-video-preview:-1\" \/>\n<link rel=\"canonical\" href=\"https:\/\/emploi.armatis.com\/en\/offre\/charge-e-rh-f-h-2026-5366\/\" \/>\n<meta property=\"og:locale\" content=\"en_US\" \/>\n<meta property=\"og:type\" content=\"article\" \/>\n<meta property=\"og:title\" content=\"Charg\u00e9.e RH (F\/H) - Armatis\" \/>\n<meta property=\"og:description\" content=\"Armatis Nevers, expert de la relation client, recherche un(e) Charg\u00e9(e) des Ressources Humaines pour rejoindre son \u00e9quipe. \/\/&#8211; Ce que tu feras au quotidien &#8211; Au sein de l&#8217;\u00e9quipe RH, tu interviens sur un poste g\u00e9n\u00e9raliste avec des missions vari\u00e9es : Tu g\u00e8res l&#8217;administration du personnel : entr\u00e9es et sorties, contrats de travail, dossiers salari\u00e9s [&hellip;]\" \/>\n<meta property=\"og:url\" content=\"https:\/\/emploi.armatis.com\/en\/offre\/charge-e-rh-f-h-2026-5366\/\" \/>\n<meta property=\"og:site_name\" content=\"Armatis\" \/>\n<meta property=\"article:modified_time\" content=\"2026-04-25T04:21:48+00:00\" \/>\n<meta name=\"twitter:card\" content=\"summary_large_image\" \/>\n<meta name=\"twitter:label1\" content=\"Est. reading time\" \/>\n\t<meta name=\"twitter:data1\" content=\"1 minute\" \/>\n<script type=\"application\/ld+json\" class=\"yoast-schema-graph\">{\"@context\":\"https:\\\/\\\/schema.org\",\"@graph\":[{\"@type\":\"WebPage\",\"@id\":\"https:\\\/\\\/emploi.armatis.com\\\/en\\\/offre\\\/charge-e-rh-f-h-2026-5366\\\/\",\"url\":\"https:\\\/\\\/emploi.armatis.com\\\/en\\\/offre\\\/charge-e-rh-f-h-2026-5366\\\/\",\"name\":\"Charg\u00e9.e RH (F\\\/H) - Armatis\",\"isPartOf\":{\"@id\":\"https:\\\/\\\/emploi.armatis.com\\\/en\\\/#website\"},\"datePublished\":\"2026-03-16T11:33:44+00:00\",\"dateModified\":\"2026-04-25T04:21:48+00:00\",\"breadcrumb\":{\"@id\":\"https:\\\/\\\/emploi.armatis.com\\\/en\\\/offre\\\/charge-e-rh-f-h-2026-5366\\\/#breadcrumb\"},\"inLanguage\":\"en-US\",\"potentialAction\":[{\"@type\":\"ReadAction\",\"target\":[\"https:\\\/\\\/emploi.armatis.com\\\/en\\\/offre\\\/charge-e-rh-f-h-2026-5366\\\/\"]}]},{\"@type\":\"BreadcrumbList\",\"@id\":\"https:\\\/\\\/emploi.armatis.com\\\/en\\\/offre\\\/charge-e-rh-f-h-2026-5366\\\/#breadcrumb\",\"itemListElement\":[{\"@type\":\"ListItem\",\"position\":1,\"name\":\"Home\",\"item\":\"https:\\\/\\\/emploi.armatis.com\\\/en\\\/\"},{\"@type\":\"ListItem\",\"position\":2,\"name\":\"Charg\u00e9.e RH (F\\\/H)\"}]},{\"@type\":\"WebSite\",\"@id\":\"https:\\\/\\\/emploi.armatis.com\\\/en\\\/#website\",\"url\":\"https:\\\/\\\/emploi.armatis.com\\\/en\\\/\",\"name\":\"Armatis\",\"description\":\"\",\"publisher\":{\"@id\":\"https:\\\/\\\/emploi.armatis.com\\\/en\\\/#organization\"},\"potentialAction\":[{\"@type\":\"SearchAction\",\"target\":{\"@type\":\"EntryPoint\",\"urlTemplate\":\"https:\\\/\\\/emploi.armatis.com\\\/en\\\/?s={search_term_string}\"},\"query-input\":{\"@type\":\"PropertyValueSpecification\",\"valueRequired\":true,\"valueName\":\"search_term_string\"}}],\"inLanguage\":\"en-US\"},{\"@type\":\"Organization\",\"@id\":\"https:\\\/\\\/emploi.armatis.com\\\/en\\\/#organization\",\"name\":\"Armatis\",\"url\":\"https:\\\/\\\/emploi.armatis.com\\\/en\\\/\",\"logo\":{\"@type\":\"ImageObject\",\"inLanguage\":\"en-US\",\"@id\":\"https:\\\/\\\/emploi.armatis.com\\\/en\\\/#\\\/schema\\\/logo\\\/image\\\/\",\"url\":\"https:\\\/\\\/emploi.armatis.com\\\/wp-content\\\/uploads\\\/2025\\\/07\\\/cropped-Logo-Armatis-ss-Baseline-Blanc-point-aqua-Copie-scaled-1.png\",\"contentUrl\":\"https:\\\/\\\/emploi.armatis.com\\\/wp-content\\\/uploads\\\/2025\\\/07\\\/cropped-Logo-Armatis-ss-Baseline-Blanc-point-aqua-Copie-scaled-1.png\",\"width\":2560,\"height\":393,\"caption\":\"Armatis\"},\"image\":{\"@id\":\"https:\\\/\\\/emploi.armatis.com\\\/en\\\/#\\\/schema\\\/logo\\\/image\\\/\"}}]}<\/script>\n<!-- \/ Yoast SEO plugin. -->","yoast_head_json":{"title":"Charg\u00e9.e RH (F\/H) - Armatis","robots":{"index":"index","follow":"follow","max-snippet":"max-snippet:-1","max-image-preview":"max-image-preview:large","max-video-preview":"max-video-preview:-1"},"canonical":"https:\/\/emploi.armatis.com\/en\/offre\/charge-e-rh-f-h-2026-5366\/","og_locale":"en_US","og_type":"article","og_title":"Charg\u00e9.e RH (F\/H) - Armatis","og_description":"Armatis Nevers, expert de la relation client, recherche un(e) Charg\u00e9(e) des Ressources Humaines pour rejoindre son \u00e9quipe. \/\/&#8211; Ce que tu feras au quotidien &#8211; Au sein de l&#8217;\u00e9quipe RH, tu interviens sur un poste g\u00e9n\u00e9raliste avec des missions vari\u00e9es : Tu g\u00e8res l&#8217;administration du personnel : entr\u00e9es et sorties, contrats de travail, dossiers salari\u00e9s [&hellip;]","og_url":"https:\/\/emploi.armatis.com\/en\/offre\/charge-e-rh-f-h-2026-5366\/","og_site_name":"Armatis","article_modified_time":"2026-04-25T04:21:48+00:00","twitter_card":"summary_large_image","twitter_misc":{"Est. reading time":"1 minute"},"schema":{"@context":"https:\/\/schema.org","@graph":[{"@type":"WebPage","@id":"https:\/\/emploi.armatis.com\/en\/offre\/charge-e-rh-f-h-2026-5366\/","url":"https:\/\/emploi.armatis.com\/en\/offre\/charge-e-rh-f-h-2026-5366\/","name":"Charg\u00e9.e RH (F\/H) - Armatis","isPartOf":{"@id":"https:\/\/emploi.armatis.com\/en\/#website"},"datePublished":"2026-03-16T11:33:44+00:00","dateModified":"2026-04-25T04:21:48+00:00","breadcrumb":{"@id":"https:\/\/emploi.armatis.com\/en\/offre\/charge-e-rh-f-h-2026-5366\/#breadcrumb"},"inLanguage":"en-US","potentialAction":[{"@type":"ReadAction","target":["https:\/\/emploi.armatis.com\/en\/offre\/charge-e-rh-f-h-2026-5366\/"]}]},{"@type":"BreadcrumbList","@id":"https:\/\/emploi.armatis.com\/en\/offre\/charge-e-rh-f-h-2026-5366\/#breadcrumb","itemListElement":[{"@type":"ListItem","position":1,"name":"Home","item":"https:\/\/emploi.armatis.com\/en\/"},{"@type":"ListItem","position":2,"name":"Charg\u00e9.e RH (F\/H)"}]},{"@type":"WebSite","@id":"https:\/\/emploi.armatis.com\/en\/#website","url":"https:\/\/emploi.armatis.com\/en\/","name":"Armatis","description":"","publisher":{"@id":"https:\/\/emploi.armatis.com\/en\/#organization"},"potentialAction":[{"@type":"SearchAction","target":{"@type":"EntryPoint","urlTemplate":"https:\/\/emploi.armatis.com\/en\/?s={search_term_string}"},"query-input":{"@type":"PropertyValueSpecification","valueRequired":true,"valueName":"search_term_string"}}],"inLanguage":"en-US"},{"@type":"Organization","@id":"https:\/\/emploi.armatis.com\/en\/#organization","name":"Armatis","url":"https:\/\/emploi.armatis.com\/en\/","logo":{"@type":"ImageObject","inLanguage":"en-US","@id":"https:\/\/emploi.armatis.com\/en\/#\/schema\/logo\/image\/","url":"https:\/\/emploi.armatis.com\/wp-content\/uploads\/2025\/07\/cropped-Logo-Armatis-ss-Baseline-Blanc-point-aqua-Copie-scaled-1.png","contentUrl":"https:\/\/emploi.armatis.com\/wp-content\/uploads\/2025\/07\/cropped-Logo-Armatis-ss-Baseline-Blanc-point-aqua-Copie-scaled-1.png","width":2560,"height":393,"caption":"Armatis"},"image":{"@id":"https:\/\/emploi.armatis.com\/en\/#\/schema\/logo\/image\/"}}]}},"_links":{"self":[{"href":"https:\/\/emploi.armatis.com\/en\/wp-json\/wp\/v2\/offre\/23898","targetHints":{"allow":["GET"]}}],"collection":[{"href":"https:\/\/emploi.armatis.com\/en\/wp-json\/wp\/v2\/offre"}],"about":[{"href":"https:\/\/emploi.armatis.com\/en\/wp-json\/wp\/v2\/types\/offre"}],"wp:attachment":[{"href":"https:\/\/emploi.armatis.com\/en\/wp-json\/wp\/v2\/media?parent=23898"}],"wp:term":[{"taxonomy":"categorie_offres","embeddable":true,"href":"https:\/\/emploi.armatis.com\/en\/wp-json\/wp\/v2\/categorie_offres?post=23898"}],"curies":[{"name":"wp","href":"https:\/\/api.w.org\/{rel}","templated":true}]}}

Chargé.e RH  (F/H)

<p>Armatis Nevers, expert de la relation client, recherche un(e) Chargé(e) des Ressources Humaines pour rejoindre son équipe.</p>
<p>//&#8211; Ce que tu feras au quotidien &#8211;\</p>
<p>Au sein de l&#8217;équipe RH, tu interviens sur un poste généraliste avec des missions variées :</p>
<p>Tu gères l&#8217;administration du personnel : entrées et sorties, contrats de travail, dossiers salariés et mise à jour des outils RH</p>
<p>Tu participes à l&#8217;intégration des nouveaux collaborateurs et contribues à leur bonne prise de poste</p>
<p>Tu es un point de contact pour les managers et les collaborateurs sur les sujets RH du quotidien</p>
<p>Tu suis les indicateurs RH (absentéisme, fins de contrat, évolution des collaborateurs)</p>
<p>Tu contribues à la mise en œuvre du plan de formation en lien avec la Direction Formation</p>
<p>Tu accompagnes le Responsable RH dans ses missions</p>
<p>Tu participes à la préparation des réunions avec les Instances Représentatives du Personnel</p>
<p>Tu aides à l&#8217;organisation et au suivi de l&#8217;agenda RH (réunions, sollicitations, courriers)<br />
<br />
//&#8211; Le profil que l&#8217;on recherche &#8211;\</p>
<p>Tu as une première expérience en ressources humaines<br />
Tu es organisé(e), rigoureux(se) et tu sais gérer plusieurs sujets en parallèle<br />
Tu es à l&#8217;aise à l&#8217;oral comme à l&#8217;écrit et tu apprécies le travail en équipe<br />
Tu sais faire preuve de discrétion et de professionnalisme</p>
<p>//&#8211;Pourquoi nous rejoindre ?&#8211;\</p>
<p>Un poste polyvalent avec une vraie diversité de missions<br />
Une équipe accessible et impliquée<br />
Un environnement où tu peux monter en compétences rapidement<br />
Un poste en CDI, avec prise de poste rapide<br />
Rémunération 23/30ke </p>

Contrat à durée indéterminée

<!-- This site is optimized with the Yoast SEO plugin v27.5 - https://yoast.com/product/yoast-seo-wordpress/ -->
<title>Chargé.e RH (F/H) - Armatis</title>
<meta name="robots" content="index, follow, max-snippet:-1, max-image-preview:large, max-video-preview:-1" />
<link rel="canonical" href="https://emploi.armatis.com/en/offre/charge-e-rh-f-h-2026-5366/" />
<meta property="og:locale" content="en_US" />
<meta property="og:type" content="article" />
<meta property="og:title" content="Chargé.e RH (F/H) - Armatis" />
<meta property="og:description" content="Armatis Nevers, expert de la relation client, recherche un(e) Chargé(e) des Ressources Humaines pour rejoindre son équipe. //&#8211; Ce que tu feras au quotidien &#8211; Au sein de l&#8217;équipe RH, tu interviens sur un poste généraliste avec des missions variées : Tu gères l&#8217;administration du personnel : entrées et sorties, contrats de travail, dossiers salariés [&hellip;]" />
<meta property="og:url" content="https://emploi.armatis.com/en/offre/charge-e-rh-f-h-2026-5366/" />
<meta property="og:site_name" content="Armatis" />
<meta property="article:modified_time" content="2026-04-25T04:21:48+00:00" />
<meta name="twitter:card" content="summary_large_image" />
<meta name="twitter:label1" content="Est. reading time" />
	<meta name="twitter:data1" content="1 minute" />
<script type="application/ld+json" class="yoast-schema-graph">{"@context":"https:\/\/schema.org","@graph":[{"@type":"WebPage","@id":"https:\/\/emploi.armatis.com\/en\/offre\/charge-e-rh-f-h-2026-5366\/","url":"https:\/\/emploi.armatis.com\/en\/offre\/charge-e-rh-f-h-2026-5366\/","name":"Chargé.e RH (F\/H) - Armatis","isPartOf":{"@id":"https:\/\/emploi.armatis.com\/en\/#website"},"datePublished":"2026-03-16T11:33:44+00:00","dateModified":"2026-04-25T04:21:48+00:00","breadcrumb":{"@id":"https:\/\/emploi.armatis.com\/en\/offre\/charge-e-rh-f-h-2026-5366\/#breadcrumb"},"inLanguage":"en-US","potentialAction":[{"@type":"ReadAction","target":["https:\/\/emploi.armatis.com\/en\/offre\/charge-e-rh-f-h-2026-5366\/"]}]},{"@type":"BreadcrumbList","@id":"https:\/\/emploi.armatis.com\/en\/offre\/charge-e-rh-f-h-2026-5366\/#breadcrumb","itemListElement":[{"@type":"ListItem","position":1,"name":"Home","item":"https:\/\/emploi.armatis.com\/en\/"},{"@type":"ListItem","position":2,"name":"Chargé.e RH (F\/H)"}]},{"@type":"WebSite","@id":"https:\/\/emploi.armatis.com\/en\/#website","url":"https:\/\/emploi.armatis.com\/en\/","name":"Armatis","description":"","publisher":{"@id":"https:\/\/emploi.armatis.com\/en\/#organization"},"potentialAction":[{"@type":"SearchAction","target":{"@type":"EntryPoint","urlTemplate":"https:\/\/emploi.armatis.com\/en\/?s={search_term_string}"},"query-input":{"@type":"PropertyValueSpecification","valueRequired":true,"valueName":"search_term_string"}}],"inLanguage":"en-US"},{"@type":"Organization","@id":"https:\/\/emploi.armatis.com\/en\/#organization","name":"Armatis","url":"https:\/\/emploi.armatis.com\/en\/","logo":{"@type":"ImageObject","inLanguage":"en-US","@id":"https:\/\/emploi.armatis.com\/en\/#\/schema\/logo\/image\/","url":"https:\/\/emploi.armatis.com\/wp-content\/uploads\/2025\/07\/cropped-Logo-Armatis-ss-Baseline-Blanc-point-aqua-Copie-scaled-1.png","contentUrl":"https:\/\/emploi.armatis.com\/wp-content\/uploads\/2025\/07\/cropped-Logo-Armatis-ss-Baseline-Blanc-point-aqua-Copie-scaled-1.png","width":2560,"height":393,"caption":"Armatis"},"image":{"@id":"https:\/\/emploi.armatis.com\/en\/#\/schema\/logo\/image\/"}}]}</script>
<!-- / Yoast SEO plugin. -->

Chargé.e RH (F/H) - Armatis

Armatis Nevers, expert de la relation client, recherche un(e) Chargé(e) des Ressources Humaines pour rejoindre son équipe. //&#8211; Ce que tu feras au quotidien &#8211; Au sein de l&#8217;équipe RH, tu interviens sur un poste généraliste avec des missions variées : Tu gères l&#8217;administration du personnel : entrées et sorties, contrats de travail, dossiers salariés [&hellip;]

Chargé.e RH (F/H)
